 factor of 1128 and 16?
8
What is the highest common factor of 520 and 40?
40
What is the greatest common factor of 6 and 22?
2
Calculate the highest common factor of 2976 and 72.
24
What is the greatest common factor of 102 and 5134?
34
What is the greatest common factor of 10 and 90?
10
What is the highest common divisor of 124 and 837?
31
Calculate the highest common divisor of 104 and 3848.
104
Calculate the greatest common factor of 40 and 235.
5
Calculate the greatest common divisor of 1539 and 285.
57
Calculate the highest common factor of 49 and 434.
7
Calculate the highest common divisor of 18090 and 536.
134
Calculate the greatest common factor of 6754 and 22.
22
Calculate the greatest common factor of 848 and 8.
8
What is the greatest common divisor of 116 and 580?
116
What is the greatest common divisor of 22 and 352?
22
Calculate the greatest common factor of 63 and 168.
21
Calculate the greatest common factor of 6215 and 25.
5
What is the greatest common factor of 4947 and 51?
51
Calculate the greatest common divisor of 31 and 1395.
31
What is the greatest common divisor of 168 and 49?
7
What is the greatest common factor of 53 and 371?
53
What is the greatest common divisor of 4755 and 15?
15
Calculate the greatest common divisor of 1918 and 35.
7
Calculate the highest common factor of 1950 and 78.
78
Calculate the highest common divisor of 99 and 15.
3
What is the greatest common factor of 3082 and 46?
46
Calculate the greatest common factor of 392 and 144.
8
Calculate the greatest common divisor of 3510 and 6.
6
What is the highest common factor of 13395 and 470?
235
What is the highest common divisor of 399 and 57?
57
What is the highest common divisor of 5247 and 53?
53
Calculate the highest common factor of 1170 and 45.
45
Calculate the highest common divisor of 279 and 1053.
9
Calculate the greatest common divisor of 68 and 323.
17
Calculate the highest common factor of 871 and 52.
13
Calculate the highest common divisor of 1536 and 60.
12
Calculate the highest common divisor of 336 and 462.
42
Calculate the highest common factor of 589 and 62.
31
What is the greatest common divisor of 620 and 20?
20
Calculate the highest common divisor of 15 and 1160.
5
Calculate the greatest common factor of 459 and 27.
27
Calculate the highest common factor of 10 and 1570.
10
Calculate the greatest common divisor of 112 and 4.
4
What is the highest common divisor of 132 and 11964?
12
Calculate the greatest common factor of 3225 and 150.
75
Calculate the highest common divisor of 73 and 7081.
73
Calculate the greatest common divisor of 35 and 1205.
5
Calculate the highest common divisor of 2038 and 2.
2
What is the greatest common factor of 111 and 11877?
111
What is the highest common divisor of 89 and 58?
1
Calculate the greatest common divisor of 288 and 342.
18
Calculate the highest common divisor of 133 and 589.
19
What is the highest common factor of 270 and 1530?
90
What is the highest common divisor of 36 and 4908?
12
Calculate the greatest common divisor of 14 and 217.
7
Calculate the greatest common divisor of 3354 and 387.
129
Calculate the greatest common factor of 32 and 976.
16
Calculate the greatest common divisor of 1846 and 3550.
142
What is the greatest common factor of 144 and 7704?
72
Calculate the highest common divisor of 144 and 504.
72
What is the greatest common divisor of 6 and 128?
2
Calculate the greatest common divisor of 40589 and 111.
37
What is the highest common factor of 388 and 291?
97
Calculate the highest common divisor of 2183 and 118.
59
Calculate the highest common factor of 39083 and 19.
19
What is the highest common factor of 2363 and 278?
139
What is the highest common factor of 75 and 175?
25
What is the greatest common divisor of 224 and 84?
28
What is the highest common divisor of 468 and 130?
26
Calculate the greatest common factor of 24 and 468.
12
Calculate the greatest common divisor of 24 and 1782.
6
What is the greatest common divisor of 154 and 98?
14
Calculate the greatest common factor of 836 and 988.
76
Calculate the greatest common divisor of 1305 and 15.
15
Calculate the greatest common divisor of 603 and 2010.
201
Calculate the greatest common factor of 77 and 126.
7
Calculate the greatest common factor of 871 and 13.
13
Calculate the greatest common factor of 17 and 4947.
17
What is the greatest common factor of 714 and 504?
42
What is the highest common divisor of 671 and 22?
11
What is the highest common divisor of 791 and 7?
7
Calculate the greatest common divisor of 2524 and 52.
4
What is the highest common divisor of 135 and 1875?
15
Calculate the highest common divisor of 64 and 144.
16
What is the highest common factor of 34 and 16558?
34
What is the greatest common divisor of 42 and 12?
6
What is the greatest common divisor of 12 and 390?
6
What is the greatest common divisor of 13143 and 39?
39
What is the highest common divisor of 108 and 72?
36
Calculate the greatest common divisor of 3612 and 24.
12
Calculate the highest common divisor of 40 and 336.
8
Calculate the greatest common factor of 88 and 539.
11
What is the greatest common factor of 5270 and 238?
34
Calculate the highest common divisor of 1584 and 108.
36
Calculate the greatest common divisor of 68 and 153.
17
What is the greatest common factor of 9 and 22?
1
What is the highest common divisor of 14 and 4186?
14
Calculate the highest common factor of 6 and 873.
3
Calculate the highest common divisor of 574 and 123.
41
Calculate the highest common factor of 48 and 5584.
16
What is the highest common divisor of 5 and 55?
5
Calculate the greatest common divisor of 58 and 261.
29
Calculate the highest common factor of 145 and 783.
29
What is the greatest common factor of 5731 and 33?
11
What is the greatest common divisor of 23 and 10649?
23
What is the greatest common factor of 21 and 2919?
21
Calculate the greatest common divisor of 7 and 485.
1
What is the highest common divisor of 27 and 117?
9
Calculate the highest common factor of 2752 and 86.
86
Calculate the greatest common factor of 224 and 2296.
56
Calculate the greatest common factor of 728 and 280.
56
Calculate the highest common divisor of 4 and 136.
4
Calculate the greatest common divisor of 4671 and 54.
27
Calculate the greatest common divisor of 944 and 160.
16
What is the highest common factor of 1632 and 1700?
68
What is the greatest common factor of 1494 and 54?
18
Calculate the highest common factor of 13 and 143.
13
What is the highest common divisor of 473 and 836?
11
Calculate the greatest common divisor of 275 and 75.
25
What is the greatest common divisor of 10 and 1090?
10
What is the greatest common factor of 136 and 884?
68
What is the highest common factor of 2786 and 42?
14
What is the greatest common factor of 531 and 18?
9
What is the greatest common divisor of 218 and 4033?
109
What is the greatest common divisor of 104 and 2236?
52
What is the greatest common factor of 52 and 1742?
26
What is the highest common factor of 37 and 2923?
37
Calculate the greatest common factor of 72 and 1818.
18
What is the greatest common factor of 6574 and 76?
38
What is the highest common divisor of 528 and 330?
66
Calculate the highest common factor of 14 and 77.
7
Calculate the greatest common divisor of 29 and 29.
29
Calculate the highest common factor of 13739 and 44.
11
Calculate the highest common factor of 24 and 213.
3
What is the highest common divisor of 6 and 256?
2
What is the highest common divisor of 30 and 45?
15
What is the highest common factor of 68 and 323?
17
Calculate the greatest common divisor of 321 and 428.
107
What is the greatest common factor of 2 and 118?
2
What is the greatest common divisor of 1339 and 824?
103
Calculate the highest common factor of 304 and 1424.
16
Calculate the greatest common divisor of 16 and 4616.
8
Calculate the greatest common divisor of 10 and 35.
5
What is the greatest common divisor of 364 and 14?
14
Calculate the greatest common divisor of 51 and 1275.
51
What is the greatest common factor of 147 and 84?
21
What is the highest common factor of 146 and 26645?
73
Calculate the greatest common divisor of 453 and 6.
3
What is the greatest common divisor of 70 and 6755?
35
What is the g